mmon divisor of 1046541 and 64476?
597
Calculate the greatest common divisor of 718815 and 457050.
4155
Calculate the highest common factor of 109001140 and 2668.
2668
What is the greatest common divisor of 99 and 14055294?
33
Calculate the highest common divisor of 80786 and 1798.
62
What is the highest common divisor of 8400 and 26868300?
300
Calculate the greatest common factor of 78057 and 170569.
2891
Calculate the greatest common factor of 508320 and 10368.
288
Calculate the greatest common divisor of 1415302 and 108962.
602
Calculate the highest common divisor of 741645 and 5571.
9
Calculate the greatest common divisor of 1 and 10780646.
1
Calculate the greatest common divisor of 1854974 and 715.
11
What is the highest common divisor of 1351046 and 4338?
482
Calculate the highest common factor of 1232 and 12303599.
77
What is the greatest common factor of 16709 and 345646?
49
What is the greatest common divisor of 1877371 and 38?
19
What is the greatest common factor of 271628 and 1694?
14
Calculate the highest common factor of 380629 and 8.
1
Calculate the highest common divisor of 1245 and 39129.
3
Calculate the highest common divisor of 22 and 1019227.
11
Calculate the greatest common divisor of 1590462 and 30.
6
What is the highest common factor of 390931 and 588983?
739
What is the greatest common divisor of 4335 and 216672837?
867
Calculate the greatest common factor of 268278 and 51310.
1466
What is the greatest common factor of 571410 and 1770?
30
Calculate the greatest common factor of 9241432 and 8.
8
What is the greatest common divisor of 3095055 and 863280?
4905
What is the highest common divisor of 16512 and 748974?
258
Calculate the greatest common divisor of 1708126 and 850.
34
Calculate the greatest common factor of 1120 and 6271720.
280
Calculate the highest common divisor of 717 and 38682867.
717
What is the greatest common divisor of 16450 and 90?
10
What is the greatest common divisor of 144 and 33261804?
36
Calculate the highest common divisor of 804298984 and 4120.
824
What is the highest common factor of 2922909 and 69828?
759
Calculate the highest common factor of 384783246 and 1422.
1422
What is the highest common factor of 25770939 and 334?
167
Calculate the greatest common factor of 32898332 and 2516.
68
Calculate the greatest common divisor of 1190 and 4534138.
238
What is the greatest common factor of 26625 and 1147431?
213
What is the highest common divisor of 28216606 and 5588?
2794
What is the greatest common divisor of 511230 and 60360?
30
Calculate the highest common factor of 46178494 and 68.
34
What is the greatest common factor of 892424 and 2782?
26
What is the greatest common divisor of 5533596 and 243?
243
Calculate the greatest common factor of 146260 and 4635.
515
Calculate the greatest common factor of 992 and 39050328.
248
Calculate the greatest common factor of 82 and 19892257.
41
Calculate the highest common factor of 12640 and 789280.
160
What is the greatest common factor of 855408 and 7992?
24
Calculate the highest common divisor of 15453 and 10944.
9
Calculate the greatest common divisor of 3222 and 2107546.
358
Calculate the greatest common factor of 5832 and 896913.
243
Calculate the highest common divisor of 5320 and 916854120.
5320
What is the highest common factor of 980 and 8599540?
20
What is the greatest common divisor of 9048 and 616598?
58
What is the highest common divisor of 3674520 and 5?
5
Calculate the highest common divisor of 21633906 and 49.
7
Calculate the highest common divisor of 2485 and 60598855.
355
Calculate the highest common factor of 56680010 and 10.
10
Calculate the greatest common divisor of 4055632 and 976.
16
What is the highest common factor of 4067266 and 41301?
353
What is the highest common factor of 24210 and 40230?
90
Calculate the highest common divisor of 15 and 17007395.
5
What is the greatest common divisor of 382301190 and 15?
15
Calculate the highest common factor of 1665 and 1321455.
555
What is the greatest common divisor of 1863 and 1338849?
81
What is the greatest common divisor of 563487980 and 1740?
580
What is the greatest common divisor of 2772423 and 2883?
93
Calculate the greatest common factor of 1430 and 1125080.
110
Calculate the highest common factor of 5961696 and 1768.
1768
What is the greatest common factor of 549850708 and 4268?
4268
What is the greatest common factor of 951861026 and 6148?
3074
Calculate the highest common factor of 6 and 58446798.
6
Calculate the greatest common divisor of 241 and 85446791.
241
What is the highest common divisor of 1660554 and 2564748?
3438
What is the highest common factor of 11394021 and 2?
1
Calculate the highest common factor of 16 and 1092131496.
8
Calculate the highest common factor of 11724793 and 3728.
233
Calculate the greatest common factor of 23014804 and 430.
86
Calculate the greatest common divisor of 285 and 3693002640.
285
Calculate the highest common divisor of 220 and 15745290.
110
Calculate the greatest common factor of 20 and 265177940.
20
What is the highest common factor of 27580209 and 4953?
381
Calculate the greatest common divisor of 817482878 and 59.
59
What is the highest common divisor of 282391788 and 210?
42
What is the greatest common factor of 189849845 and 1021?
1021
What is the highest common divisor of 266997141 and 10044?
2511
Calculate the highest common divisor of 60 and 224802636.
12
Calculate the greatest common factor of 641372 and 516.
4
What is the greatest common divisor of 30802144 and 471?
157
What is the greatest common divisor of 1844115 and 904205?
965
What is the greatest common factor of 196 and 8045261?
49
Calculate the highest common divisor of 1222 and 5666602.
94
Calculate the highest common factor of 1019960 and 580.
20
What is the highest common divisor of 19356625 and 9775?
425
Calculate the greatest common factor of 16 and 28149272.
8
Calculate the greatest common factor of 725366 and 3380056.
7478
What is the highest common factor of 7355720 and 1176?
8
What is the highest common factor of 829370135 and 6842?
3421
What is the highest common divisor of 6567096 and 96?
24
What is the greatest common divisor of 6461 and 4417?
7
Calculate the greatest common factor of 930 and 2808786.
186
Calculate the greatest common factor of 234 and 1672596.
18
Calculate the highest common divisor of 15981144 and 246.
246
What is the highest common factor of 96441 and 265081?
527
What is the highest common factor of 2244 and 11572?
44
What is the greatest common factor of 30818268 and 858?
78
What is the highest common divisor of 4250 and 2717790?
170
What is the greatest common factor of 153764 and 28444?
52
What is the highest common factor of 4362342 and 4248?
354
What is the greatest common divisor of 9219 and 115101?
21
What is the highest common factor of 338116 and 632?
4
What is the greatest common divisor of 42771 and 338133?
807
What is the greatest common divisor of 3261 and 91963461?
3261
What is the highest common factor of 148896 and 84419379?
4653
Calculate the highest common divisor of 365556 and 6159470.
1486
What is the greatest common divisor of 436624 and 69136?
464
Calculate the greatest common divisor of 12048 and 266686496.
4016
What is the highest common divisor of 15572 and 16316056?
68
What is the greatest common factor of 44853816 and 14?
14
Calculate the highest common divisor of 665 and 8675345.
35
Calculate the greatest common factor of 429 and 51287379.
429
Calculate the greatest common divisor of 2702656 and 7329.
349
What is the highest common factor of 15309203 and 910?
91
Calculate the greatest common divisor of 4773649 and 386575.
2209
What is the greatest common factor of 28363391 and 37943?
1997
Calculate the greatest common divisor of 3978355 and 50315.
1735
Calculate the highest common divisor of 722 and 712588369.
361
Calculate the highest common factor of 11 and 197526989.
11
What is the highest common divisor of 24 and 1265128?
8
What is the highest common divisor of 34473320 and 21210?
7070
What is the greatest common divisor of 1925703 and 18?
9
Calculate the highest common divisor of 5454728 and 8.
8
What is the greatest common factor of 228 and 87313132?
76
Calculate the highest common factor of 2880